{"id":5,"date":"2020-01-05T13:26:41","date_gmt":"2020-01-05T13:26:41","guid":{"rendered":"http:\/\/larialexandrino.com.br\/?page_id=5"},"modified":"2025-02-14T12:19:53","modified_gmt":"2025-02-14T12:19:53","slug":"home","status":"publish","type":"page","link":"https:\/\/larialexandrino.com.br\/","title":{"rendered":""},"content":{"rendered":"\n<h2 class=\"has-text-color\" style=\"color:#69ab44\">Sobre mim<\/h2>\n\n\n\n<div class=\"wp-block-media-text alignwide is-stacked-on-mobile is-vertically-aligned-center\" style=\"grid-template-columns:47% auto\"><figure class=\"wp-block-media-text__media\"><img loading=\"lazy\" width=\"801\" height=\"1024\" src=\"http:\/\/larialexandrino.com.br\/wp-content\/uploads\/2023\/07\/IMG-5423-3-801x1024.jpg\" alt=\"\" class=\"wp-image-250\" srcset=\"https:\/\/larialexandrino.com.br\/wp-content\/uploads\/2023\/07\/IMG-5423-3-801x1024.jpg 801w, https:\/\/larialexandrino.com.br\/wp-content\/uploads\/2023\/07\/IMG-5423-3-235x300.jpg 235w, https:\/\/larialexandrino.com.br\/wp-content\/uploads\/2023\/07\/IMG-5423-3-768x982.jpg 768w, https:\/\/larialexandrino.com.br\/wp-content\/uploads\/2023\/07\/IMG-5423-3-1202x1536.jpg 1202w, https:\/\/larialexandrino.com.br\/wp-content\/uploads\/2023\/07\/IMG-5423-3-1602x2048.jpg 1602w, https:\/\/larialexandrino.com.br\/wp-content\/uploads\/2023\/07\/IMG-5423-3-145x185.jpg 145w, https:\/\/larialexandrino.com.br\/wp-content\/uploads\/2023\/07\/IMG-5423-3-286x366.jpg 286w, https:\/\/larialexandrino.com.br\/wp-content\/uploads\/2023\/07\/IMG-5423-3-846x1081.jpg 846w, https:\/\/larialexandrino.com.br\/wp-content\/uploads\/2023\/07\/IMG-5423-3-scaled.jpg 2003w\" sizes=\"(max-width: 957px) 88vw, (max-width: 1199px) 77vw, (max-width: 1397px) 61vw, 846px\" \/><\/figure><div class=\"wp-block-media-text__content\">\n<p>Psic\u00f3loga cl\u00ednica com forma\u00e7\u00e3o cl\u00ednica em Terapia Cognitivo-Comportamental. Mestra em Psicologia na linha de avalia\u00e7\u00e3o psicol\u00f3gica do potencial humano pela PUC Campinas e especializanda em Psicologia do Desenvolvimento e Aprendizagem.<\/p>\n\n\n\n<p>Professora e supervisora em cursos de Especializa\u00e7\u00e3o nos m\u00f3dulos de Avalia\u00e7\u00e3o Psicol\u00f3gica.<\/p>\n<\/div><\/div>\n\n\n\n<p>Tenho experi\u00eancia em avalia\u00e7\u00e3o psicol\u00f3gica, tratamento de transtornos de humor e personalidade, e desenvolvimento de habilidades sociais.<br>Trabalho com pr\u00e1ticas baseadas em evid\u00eancias com o objetivo de ajudar adultos e adolescentes a resolverem seus problemas de maneira mais eficaz e lidarem melhor com suas emo\u00e7\u00f5es.<\/p>\n\n\n\n<h2 class=\"has-text-color\" style=\"color:#69ab44\">Terapia Cognitivo-Comportamental<\/h2>\n\n\n\n<div class=\"wp-block-media-text alignwide has-media-on-the-right is-stacked-on-mobile\" style=\"grid-template-columns:auto 55%\"><figure class=\"wp-block-media-text__media\"><img loading=\"lazy\" width=\"609\" height=\"634\" src=\"http:\/\/larialexandrino.com.br\/wp-content\/uploads\/2020\/09\/curso-de-terapia-cognitivo-comportamental-D_NQ_NP_925894-MLB40895955546_022020-F.jpg\" alt=\"\" class=\"wp-image-218\" srcset=\"https:\/\/larialexandrino.com.br\/wp-content\/uploads\/2020\/09\/curso-de-terapia-cognitivo-comportamental-D_NQ_NP_925894-MLB40895955546_022020-F.jpg 609w, https:\/\/larialexandrino.com.br\/wp-content\/uploads\/2020\/09\/curso-de-terapia-cognitivo-comportamental-D_NQ_NP_925894-MLB40895955546_022020-F-288x300.jpg 288w, https:\/\/larialexandrino.com.br\/wp-content\/uploads\/2020\/09\/curso-de-terapia-cognitivo-comportamental-D_NQ_NP_925894-MLB40895955546_022020-F-145x151.jpg 145w, https:\/\/larialexandrino.com.br\/wp-content\/uploads\/2020\/09\/curso-de-terapia-cognitivo-comportamental-D_NQ_NP_925894-MLB40895955546_022020-F-286x298.jpg 286w\" sizes=\"(max-width: 957px) 88vw, (max-width: 1199px) 77vw, (max-width: 1397px) 61vw, 846px\" \/><\/figure><div class=\"wp-block-media-text__content\">\n<p>A Terapia Cognitivo-Comportamental, tamb\u00e9m conhecida por TCC, \u00e9 uma linha da Psicologia considerada diretiva, breve (se comparada a outros tipos de abordagem) e focada no problema atual do paciente.<\/p>\n<\/div><\/div>\n\n\n\n<p>\u00c9 a linha psicol\u00f3gica com maior n\u00edvel de evid\u00eancias cient\u00edficas de efic\u00e1cia, e \u00e9 a mais recomendada para o tratamento de transtornos psicol\u00f3gicos, problemas interpessoais e desenvolvimento pessoal.<\/p>\n\n\n\n<p>A TCC entende que uma situa\u00e7\u00e3o, ao ser percebida pelo indiv\u00edduo, vai gerar um pensamento, que influenciar\u00e1 em como a pessoa se sente e se comporta. Sendo assim, a terapia vai focar na corre\u00e7\u00e3o de poss\u00edveis distor\u00e7\u00f5es de pensamento ou na resolu\u00e7\u00e3o de problemas por meio de t\u00e9cnicas, desenvolvendo autonomia do paciente para regular suas emo\u00e7\u00f5es e lidar com seus problemas.<\/p>\n\n\n\n<h2 class=\"has-text-color\" style=\"color:#69ab44\"><br>Servi\u00e7os<\/h2>\n\n\n\n<ul><li>Psicoterapia<\/li><li>Supervis\u00e3o cl\u00ednica<\/li><li>Avalia\u00e7\u00e3o psicol\u00f3gica e neuropsicol\u00f3gica<\/li><li>Orienta\u00e7\u00e3o profissional e de carreira<\/li><li>Orienta\u00e7\u00e3o parental (adolescentes)<\/li><li>Cursos e palestras<\/li><li>Mentoria em Avalia\u00e7\u00e3o Psicolol\u00f3gica<\/li><\/ul>\n\n\n\n<h2 class=\"has-text-color\" style=\"color:#69ab44\">Contato<\/h2>\n\n\n\n<figure class=\"wp-block-table is-style-regular\"><table><tbody><tr><td class=\"has-text-align-right\" data-align=\"right\"><strong>Instagram:<\/strong><\/td><td><a rel=\"noreferrer noopener\" href=\"https:\/\/www.instagram.com\/lari.alexandrino\/\" target=\"_blank\">@lari.alexandrino<\/a><\/td><\/tr><tr><td class=\"has-text-align-right\" data-align=\"right\"><strong>Whatsapp:<\/strong><\/td><td><a rel=\"noreferrer noopener\" href=\"https:\/\/wa.me\/5518988023892\" target=\"_blank\">(18) 98802-3892<\/a><\/td><\/tr><tr><td class=\"has-text-align-right\" data-align=\"right\"><strong>E-mail:<\/strong><\/td><td><a rel=\"noreferrer noopener\" href=\"mailto:larissa.alexandrino.porto@gmail.com\" target=\"_blank\">larissa.alexandrino.porto@gmail.com<\/a><\/td><\/tr><\/tbody><\/table><\/figure>\n\n\n\n<p><\/p>\n\n\n\n<h2 class=\"has-text-color\" style=\"color:#69ab44\">Endere\u00e7o<\/h2>\n\n\n\n<div class=\"wp-block-media-text alignwide is-stacked-on-mobile\" style=\"grid-template-columns:41% auto\"><figure class=\"wp-block-media-text__media\"><img loading=\"lazy\" width=\"683\" height=\"1024\" src=\"http:\/\/larialexandrino.com.br\/wp-content\/uploads\/2020\/09\/nyt-683x1024.jpg\" alt=\"\" class=\"wp-image-179\" srcset=\"https:\/\/larialexandrino.com.br\/wp-content\/uploads\/2020\/09\/nyt-683x1024.jpg 683w, https:\/\/larialexandrino.com.br\/wp-content\/uploads\/2020\/09\/nyt-200x300.jpg 200w, https:\/\/larialexandrino.com.br\/wp-content\/uploads\/2020\/09\/nyt-768x1152.jpg 768w, https:\/\/larialexandrino.com.br\/wp-content\/uploads\/2020\/09\/nyt-145x218.jpg 145w, https:\/\/larialexandrino.com.br\/wp-content\/uploads\/2020\/09\/nyt-286x429.jpg 286w, https:\/\/larialexandrino.com.br\/wp-content\/uploads\/2020\/09\/nyt.jpg 800w\" sizes=\"(max-width: 957px) 88vw, (max-width: 1199px) 77vw, (max-width: 1397px) 61vw, 846px\" \/><\/figure><div class=\"wp-block-media-text__content\">\n<p class=\"has-large-font-size\">New York Tower<\/p>\n\n\n\n<p>Sala 1104<\/p>\n\n\n\n<p>Av. Bras\u00edlia, 2121 &#8211; Vila Sao Paulo, Ara\u00e7atuba &#8211; SP, 16015-460<\/p>\n\n\n\n<p><\/p>\n\n\n\n<p><\/p>\n<\/div><\/div>\n\n\n\n<div style=\"height:40px\" aria-hidden=\"true\" class=\"wp-block-spacer\"><\/div>\n\n\n\n<iframe src=\"https:\/\/www.google.com\/maps\/embed?pb=!1m14!1m8!1m3!1d7438.190999315044!2d-50.43953442593386!3d-21.22806130389411!3m2!1i1024!2i768!4f13.1!3m3!1m2!1s0x949643d12288e229%3A0x77ba59f52db3a3b1!2sAv.%20Bras%C3%ADlia%2C%202121%20-%20Vila%20Sao%20Paulo%2C%20Ara%C3%A7atuba%20-%20SP%2C%2016018-000%2C%20Brasil!5e0!3m2!1spt-BR!2sus!4v1598928226885!5m2!1spt-BR!2sus\" width=\"100%\" height=\"450\" frameborder=\"0\" style=\"border:0;\" allowfullscreen=\"\" aria-hidden=\"false\" tabindex=\"0\"><\/iframe>\n","protected":false},"excerpt":{"rendered":"<p>Sobre mim Psic\u00f3loga cl\u00ednica com forma\u00e7\u00e3o cl\u00ednica em Terapia Cognitivo-Comportamental. Mestra em Psicologia na linha de avalia\u00e7\u00e3o psicol\u00f3gica do potencial humano pela PUC Campinas e especializanda em Psicologia do Desenvolvimento e Aprendizagem. Professora e supervisora em cursos de Especializa\u00e7\u00e3o nos\u2026<\/p>\n","protected":false},"author":1,"featured_media":0,"parent":0,"menu_order":0,"comment_status":"closed","ping_status":"closed","template":"","meta":[],"_links":{"self":[{"href":"https:\/\/larialexandrino.com.br\/index.php\/wp-json\/wp\/v2\/pages\/5"}],"collection":[{"href":"https:\/\/larialexandrino.com.br\/index.php\/wp-json\/wp\/v2\/pages"}],"about":[{"href":"https:\/\/larialexandrino.com.br\/index.php\/wp-json\/wp\/v2\/types\/page"}],"author":[{"embeddable":true,"href":"https:\/\/larialexandrino.com.br\/index.php\/wp-json\/wp\/v2\/users\/1"}],"replies":[{"embeddable":true,"href":"https:\/\/larialexandrino.com.br\/index.php\/wp-json\/wp\/v2\/comments?post=5"}],"version-history":[{"count":45,"href":"https:\/\/larialexandrino.com.br\/index.php\/wp-json\/wp\/v2\/pages\/5\/revisions"}],"predecessor-version":[{"id":316,"href":"https:\/\/larialexandrino.com.br\/index.php\/wp-json\/wp\/v2\/pages\/5\/revisions\/316"}],"wp:attachment":[{"href":"https:\/\/larialexandrino.com.br\/index.php\/wp-json\/wp\/v2\/media?parent=5"}],"curies":[{"name":"wp","href":"https:\/\/api.w.org\/{rel}","templated":true}]}}